 - 2. What is b(-1)?
-6
Let o(f) = 2*f**2 + 2*f. What is o(4)?
40
Let d(y) = -2*y - 30. Calculate d(13).
-56
Let i(g) = -259*g - 514. Determine i(-2).
4
Let d(f) = f**3 - 14*f**2 + 25*f - 8. What is d(12)?
4
Let k(p) = 8*p + 61. What is k(-8)?
-3
Let j(c) = -48*c - 340. Calculate j(-7).
-4
Let x(c) = c**3 + 24*c**2 + 21*c - 54. Give x(-23).
-8
Let w(d) = d**2 + 29*d - 101. Calculate w(-32).
-5
Let v(h) = -h**2 - 12*h - 13. Give v(-11).
-2
Let l(i) = i**2 + 3*i - 12. What is l(-5)?
-2
Let w(s) = s**3 - 15*s**2 - 34*s - 8. Give w(17).
-8
Let q(f) = f**3 - 3*f**2 - 4*f - 29. Determine q(5).
1
Let i(g) = g**2 + 3*g + 8. Determine i(8).
96
Let c(i) = -3*i**2 + 12. Give c(-5).
-63
Let c(z) = 2*z - 53. Determine c(27).
1
Let b(q) = q**2 + 12*q + 21. What is b(-11)?
10
Let b(j) = -j**2 + 142*j - 563. Determine b(4).
-11
Let h(b) = b**2 + 57*b + 278. Calculate h(-51).
-28
Let d(g) = 4*g + 38. Calculate d(9).
74
Let g(s) = -s**2 - 7*s + 4. What is g(5)?
-56
Let o(x) = x**3 + 2*x**2 + 6*x - 11. Give o(2).
17
Let q(d) = -d**3 - 7*d**2 + 3. Determine q(-6).
-33
Let l(w) = -2*w**2 - 21*w + 1. Give l(-11).
-10
Let y(w) = 3*w**3 - 2*w**2 + w. Give y(2).
18
Let b(q) = -q**3 - q**2 + 4*q - 1. Calculate b(-3).
5
Let a(u) = -u**3 - 11*u**2 + 17*u + 11. What is a(-12)?
-49
Let n(u) = u**3 - 5*u**2 + 3*u + 2. What is n(4)?
-2
Let q(g) = -g**2 - 22*g - 115. Give q(-14).
-3
Let m(a) = 2*a + 63. Calculate m(-27).
9
Let h(x) = 9*x + 16. Give h(-3).
-11
Let b(c) = -c**2 - 3*c + 25. What is b(-6)?
7
Let c(a) = -a**3 + 10*a**2 - 7*a - 21. What is c(9)?
-3
Let x(d) = 18*d + 46. Determine x(-3).
-8
Let y(p) = -2*p**2 - 3*p - 23. Determine y(0).
-23
Let c(t) = t**3 - 9*t**2 - 9*t - 4. What is c(10)?
6
Let l(k) = -k**2 + 11*k + 1. What is l(9)?
19
Let b(p) = p**2 - 22*p + 39. What is b(22)?
39
Let y(q) = -q**3 + 6*q**2 + q - 7. Calculate y(6).
-1
Let w(x) = -2*x**2 - 3*x - 1. Determine w(-2).
-3
Let m(s) = -s**2 - 14*s + 69. Determine m(-16).
37
Let q(s) = s**3 - 7*s**2 - 3. What is q(6)?
-39
Let c(d) = d**3 + d**2 - 6*d - 12. What is c(-5)?
-82
Let z(g) = g - 28. What is z(28)?
0
Let j(z) = -3*z**3 - 3*z - 4. What is j(-1)?
2
Let n(p) = -4*p + 103. What is n(21)?
19
Let y(z) = -10*z - 10. Give y(-1).
0
Let y(o) = o + 13. Give y(-5).
8
Let t(g) = -g**3 - 21*g**2 - 19*g + 23. Determine t(-20).
3
Let g(k) = -k**3 + 3*k**2 - k + 22. What is g(5)?
-33
Let r(m) = 3*m**2 + 19*m - 8. Calculate r(-9).
64
Let w(t) = -t**3 + 10*t**2 - 10*t - 5. Give w(10).
-105
Let b(y) = -3*y - 39. Determine b(-15).
6
Let s(o) = 3*o + 56. Calculate s(-18).
2
Let o(p) = -p - 21. Give o(-18).
-3
Let p(x) = -3*x**2 - 39*x + 7. Determine p(-13).
7
Let s(q) = -4*q + 12. Give s(3).
0
Let n(i) = -i**3 - 5*i**2 - 4*i - 4. Determine n(-3).
-10
Let z(g) = g**2 - g - 1. Determine z(0).
-1
Let h(s) = 26*s - 3. Give h(0).
-3
Let m(n) = -n**2 + 15*n + 5. Give m(16).
-11
Let q(p) = p**2 - 12*p + 33. What is q(8)?
1
Let b(g) = -g**3 + g**2 - 4*g + 11. Determine b(2).
-1
Let h(n) = -2*n**2 - n - 7. What is h(0)?
-7
Let k(i) = -6*i - 168. What is k(-27)?
-6
Let z(k) = -113*k**3 + 2*k**2 + 2*k + 1. Determine z(-1).
114
Let k(d) = -d**3 - 16*d**2 + 2*d + 29. Calculate k(-16).
-3
Let j(t) = t + 4. Calculate j(-12).
-8
Let m(b) = b + 3. What is m(0)?
3
Let a(m) = -m**2 + 8*m + 9. Calculate a(-6).
-75
Let o(c) = 4*c**2 - 43*c - 8. Calculate o(11).
3
Let c(g) = -7*g + 217. What is c(32)?
-7
Let j(y) = -6*y + 19. Give j(4).
-5
Let s(n) = n + 27. Give s(-11).
16
Let s(k) = -17*k**2 + 38*k + 8. What is s(2)?
16
Let h(r) = -10*r + 3. Determine h(2).
-17
Let s(v) = -5*v + 154. What is s(0)?
154
Let o(w) = 7*w + 43. Calculate o(-5).
8
Let u(i) = -i**3 - 5*i**2 - 4. Calculate u(-4).
-20
Let f(o) = -o**2 + 14*o + 29. Determine f(-5).
-66
Let r(n) = n - 24. Calculate r(8).
-16
Let g(d) = 18*d + 85. What is g(-5)?
-5
Let o(a) = -a**2 - 12*a + 4. Determine o(-10).
24
Let a(d) = d**3 + 6*d**2 - 19*d - 20. Calculate a(-8).
4
Let q(l) = 6*l - 31. Determine q(-7).
-73
Let v(g) = 16*g + 10. Calculate v(0).
10
Let f(v) = -4*v**3 + v**2 - 2*v - 3. Give f(-1).
4
Let s(k) = -k - 1. Determine s(-2).
1
Let x(c) = -c**3 + 51*c**2 + 58*c - 319. Give x(52).
-7
Let i(p) = 16*p + 5. What is i(-11)?
-171
Let u(i) = i + 24. Determine u(-21).
3
Let b(c) = c**2 - 3*c - 191. Calculate b(0).
-191
Let z(r) = 2*r**2 + 32*r - 450. Determine z(9).
0
Let v(t) = -2*t + 10. Calculate v(9).
-8
Let o(l) = -l + 2. What is o(-1)?
3
Let p(y) = 19*y + 1. Give p(1).
20
Let s(t) = -t**2 + 8*t + 2. What is s(4)?
18
Let a(f) = f**3 - 36*f**2 - 38*f + 21. Give a(37).
-16
Let h(y) = -y**3 + 5*y**2 + 9*y - 37. Calculate h(5).
8
Let m(o) = -o**3 - 34*o**2 - 62*o + 42. What is m(-32)?
-22
Let t(u) = -u**3 - 9*u**2 - 17*u - 68. Give t(-8).
4
Let w(q) = -6*q + 106. Give w(25).
-44
Let y(b) = -10*b**2 + 8*b + 1. Give y(1).
-1
Let l(q) = -2*q - 17. Calculate l(-8).
-1
Let s(u) = -3*u**3 - u - 6. Calculate s(-3).
78
Let v(q) = 2*q**3 + 11*q**2 - q - 9. What is v(-6)?
-39
Let r(l) = -2*l**2 + 10*l - 1. Determine r(9).
-73
Let z(j) = 3*j - 3. What is z(2)?
3
Let w(v) = 2*v**3 - 4*v**2 - 5*v + 6. Give w(3).
9
Let z(d) = d**3 - d**2 + 3*d + 4. What is z(3)?
31
Let x(v) = v - 2. What is x(-7)?
-9
Let d(g) = -4*g**2 - 2*g + 3. What is d(1)?
-3
Let t(f) = f**2 - 7*f - 9. What is t(11)?
35
Let x(s) = -21*s + 1. Determine x(2).
-41
Let x(f) = 16*f + 1. Determine x(1).
17
Let r(k) = -k**2 + 26*k - 149. Calculate r(17).
4
Let r(v) = -10*v + 8. Determine r(-9).
98
Let g(s) = -17*s + 10. Give g(-3).
61
Let y(w) = -3*w + 20. Give y(8).
-4
Let n(m) = -2*m + 18. Calculate n(12).
-6
Let n(x) = -x**3 - 11*x**2 - 13*x - 30. Determine n(-10).
0
Let k(h) = 4*h - 19. Determine k(8).
13
Let n(k) = -k**3 + 6*k**2 + 5*k - 26. Calculate n(6).
4
Let u(q) = -q**2 - 16*q - 51. Determine u(-12).
-3
Let c(x) = -3*x**2 + 90*x + 2. Determine c(30).
2
Let v(i) = -i**3 + 20*i**2 + 43*i + 19. Calculate v(22).
-3
Let q(u) = u**3 + 6*u**2 - 6*u - 10. Determine q(-6).
26
Let t(o) = -o**3 - 5*o**2 + 5*o - 6. Calculate t(-6).
0
Let q(n) = -n - 6. What is q(0)?
-6
Let t(m) = 27*m**2 + m + 1. What is t(-1)?
27
Let l(f) = -181*f - 1984. What is l(-11)?
7
Let x(o) = -4*o + 71. Calculate x(17).
3
Let q(d) = -6*d - 6. What is q(2)?
-18
Let j(l) = -11*l - 216. What is j(-20)?
4
Let j(u) = -3*u + 5. Determine j(11).
-28
Let p(l) = 3*l - 59. Give p(22).
7
Let m(w) = 6*w**3 + 1. Give m(-1).
-5
Let o(u) = u**3 - 11*u**2 - 10*u - 17. Determine o(12).
7
Let i(m) = -3*m**2 - 5*m - 5. Give i(-4).
-33
Let h(p) = -p**2 - 2*p + 17. Determine h(3).
2
Let w(c) = -2*c + 1. What is w(2)?
-3
Let j(m) = -m**2 + 10*m - 4. Calculate j(13).
-43
Let w(n) = 3*n - 17. What is w(4)?
-5
Let u(b) = 8*b**2 - 11*b - 11. Give u(-1).
8
Let g(x) = -4*x**2 - 3*x - 3. Determine g(-2).
-13
Let s(i) = -8*i - 13. Determine s(-1).
-5
Let n(i) = 17*i - 5. Give n(3).
46
Let u(b) = -6*b + 17. Calculate u(12).
-55
Let g(s) = 4*s - 24. Determine g(10).
16
Let j(x) = -x**3 - 10*x**2 + 3*x + 1. What is j(-10)?
-29
Let c(j) = -j**3 - 32*j**2 - 58*j + 64. Give c(-30).
4
Let i(z) = -z**3 - 3*z**2 + 2*z - 3. Determine i(-3).
-9
Let z(u) = -2*u**3 + 19*u**2 + 16*u - 36. Determine z(10).
24
Let x(d) = 10*d - 79. What is x(7)?
-9
Let c(l) = -l**3 - 4*l**2 + 11. Calculate c(-3).
2
Let q(b) = -11*b - 3. What is q(-4)?
41
Let z(c) = 150*c + 299. Give z(-2).
-1
Let s(k) = 5*k**3 + 22*k**2 + 6*k - 4. Give s(-4).
4
Let h(o) = 2*o**2 - 26*o - 6. Determine h(13).
-6
Let n(h) = -17*h + 58. What is n(4)?
-10
Let d(v) = -2*v**2 + 3*v - 2. What is d(3)?
-11
Let b(q) = 2*q**2 + 10*q + 3. Give b(-5).
3
Let q(c) = -c**2 + 9*c - 22. Determine q(3).
-4
Let q(m) = 5*m**2 - 8*m - 8. Determine q(4).
40
Let x(q) = 5*q - 12. Determine x(4).
8
Let p(s) = -s**3 - 13*s**2 - 38*s - 19. What is p(-9)?
-1
Let i(v) = 16*v - 246. Give i(16).
10
Let i(y) = -7*y + 33. Determine i(6).
-9
Let p(g) = -g**2 + 1. Give p(-6).
-35
Let a(i) = 5*i**3 + i**2 + 2*i + 1. Give a(-2).
-39
Let m(q) = -q**3 + q**2 - 9*q + 47. Calculate m(3).
2
Let h(s) = -4*s - 6. Give h(-3).
6
Let k(j) = -j**3 - 16*j**2 + 31*j - 93. Calculate k(-18).
-3
Let u(s) = -5*s + 4. What is u(2)?
-6
Let y(r) = r**2 + 18*r + 24. Determine y(-16).
-8
Let n(c) = -49*c - 138. Give n(-3).
9
Let r(i) = i**2 - 14*i + 55. What is r(8)?
7
Let w(u) = -2*u**